. Let k be p(6). Calculate the greatest common divisor of 10 and k.
10
Suppose -4*h = -5*g - 2*h - 1, -3*g - 2*h + 9 = 0. What is the highest common divisor of g and 8?
1
Suppose 0 = -4*r + 8*m - 4*m + 68, 0 = -5*r - m + 97. Calculate the highest common factor of 190 and r.
19
Let g be (-25)/(-4)*(-1 - (-1 - 4)). What is the greatest common factor of g and 10?
5
Suppose 2*k = 4*m + 34, -2*k + 6*k = 3*m + 43. Let t = 19 - k. What is the highest common factor of t and 36?
12
Let h be ((-25)/10)/(2/(-4)). Suppose h*k - d = -3*d + 114, 2*d = 2*k - 54. Calculate the greatest common divisor of k and 8.
8
Let w be (-5)/((-20)/(-11))*-124. What is the highest common divisor of w and 31?
31
Let c be (-244)/(-28) + (-4)/(-14). Let s(r) = -45*r. Let x be s(-1). Calculate the greatest common divisor of c and x.
9
Let f be (-315)/65 + 2/(-13). Let b(l) = 3*l**2 + 13*l + 6. Let g be b(f). What is the greatest common divisor of 8 and g?
8
Suppose 4*a - 36 = a. What is the highest common divisor of a and 324?
12
Let t = 10 - 5. Let s be (-122)/t - (-4)/10. Let j = s + 35. Calculate the highest common divisor of j and 121.
11
Suppose 0 = 4*j - 5*o - 63, 2*j - 5*o = 6*j - 113. What is the greatest common factor of j and 22?
22
Suppose 0 = -2*i, 44*i - 108 = -4*r + 40*i. Let y(c) = 10*c - 1. Let l be y(1). What is the greatest common divisor of r and l?
9
Let f be (-4)/(-8) - (-139)/2. Suppose -15 = -2*n - n. Suppose v - 9 - n = 0. What is the highest common divisor of f and v?
14
Let v(y) = y**3 + 4*y**2 - 4*y + 2. Let i be v(2). Suppose 2*d - 22 = 32. What is the highest common factor of i and d?
9
Let p = -49 + 64. What is the highest common factor of 105 and p?
15
Let t(u) = 7*u**2 + 2*u - 2. Let i be t(-2). Calculate the highest common divisor of 33 and i.
11
Let y = 388 - 271. Calculate the greatest common factor of y and 78.
39
Let u(t) = 3*t**3 - t**2 - t + 15. Let m be u(0). What is the greatest common factor of m and 285?
15
Let i = 70 - 57. What is the highest common factor of 1 and i?
1
Let j be 1 + (4 - (4 - 8)). Calculate the highest common divisor of j and 63.
9
Suppose -q = -2*p - 74, 4*q - 2*p = -4*p + 336. What is the greatest common divisor of q and 41?
41
Suppose 3*l - 58 = 6*n - 4*n, -2*l + 4*n + 28 = 0. What is the highest common factor of l and 44?
22
Let d be 15 - 1/(0 + 3/9). What is the highest common factor of 18 and d?
6
Let t(g) be the first derivative of -g**2/2 - g + 12. Suppose 5*y + 4*v = -26 - 24, v + 5 = 0. Let r be t(y). What is the greatest common factor of 40 and r?
5
Let r be (1 - -1)*(4 + -8). Let c be ((-12)/r)/((-1)/(-10)). Calculate the highest common divisor of c and 120.
15
Suppose -5*g - 3*x = -3, 4*x + 0 = 5*g - 31. Suppose 0 = g*d - 0*d - 54. Calculate the highest common divisor of 72 and d.
18
Suppose -4*i = -5*c + 1072 - 59, 1010 = 5*c - 5*i. Calculate the greatest common factor of c and 82.
41
Let j be (-36)/(-16) - 3/12. Suppose 2*h - j*r = -6*r + 40, -4*r + 96 = 4*h. What is the highest common divisor of 42 and h?
14
Suppose 230 = -2*o + 694. What is the highest common factor of o and 29?
29
Let x(b) = 2*b**2 + 2*b - 7. Let h be x(-5). Let q(u) = u + 15. Let y be q(-9). Suppose y*w - 15 = w. What is the greatest common factor of h and w?
3
Let i(v) = 9*v**2 - 2*v + 4. Let s be i(-4). Suppose -x + s = -5*x. Let b = 72 + x. Calculate the greatest common factor of 22 and b.
11
Suppose 3*y + 10 = 5*y. Suppose 5*h = t - y*t - 35, -14 = t - 4*h. Let z = -7 - t. Calculate the highest common divisor of 2 and z.
1
Suppose 16*i - 10*i = 288. What is the highest common factor of 4 and i?
4
Let s(d) = -13*d + 8. Let b be s(-8). Let f = 2 - -1. Let o be 1/f + 47/3. What is the highest common divisor of b and o?
16
Suppose 0 = 2*w - 6*w + 160. Calculate the greatest common factor of 16 and w.
8
Let o be (-28)/(1 + 0 + -3). Let v = o - 5. What is the highest common factor of v and 3?
3
Suppose 5*l = -24 + 99. Let g(k) = 8*k + 12. Let p be g(6). Calculate the highest common factor of p and l.
15
Suppose 4*y - 6 - 10 = 0. Suppose -618 + 218 = -y*q. Let g be (-1 - -2)*q/2. Calculate the highest common factor of 20 and g.
10
Let o = -10 - -8. Let m(j) = -j**3 - 3*j**2 + 2. Let l be m(o). Let v be (9/6 - l)*6. What is the greatest common factor of 168 and v?
21
Let r(l) = 7*l**2 - 3*l - 3. Let o be r(-2). Suppose -o - 11 = -2*p. Let d be (p/(-9))/((-1)/3). What is the greatest common divisor of 35 and d?
7
Let k be 1/(-2 + 1)*-99. Let l(d) = -4*d**2 - 88*d - 18. Let g be l(-21). Calculate the highest common factor of g and k.
33
Let w be (10/15)/((-1)/(-9)). Let x be (-35 - (-4 - -2))*-2. What is the highest common factor of w and x?
6
Let o(t) = -t**3 - 6*t**2 - t + 4. Let q be o(-6). Calculate the greatest common factor of q and 10.
10
Let n be 3 + 1 - 20 - 0. Let f(p) = -3*p + 7. Let i be f(n). Suppose 4 = -2*a, -3 = b + 2*a - 10. What is the highest common factor of i and b?
11
Let r be 0 + 6/21 - 99/(-21). Calculate the highest common factor of r and 20.
5
Suppose 4*l - 344 = 2*w, w = -l - 0*w + 92. Let r = -3 - -6. Suppose -4*h - 54 = -3*m, 78 = -0*m + r*m + 4*h. What is the highest common divisor of l and m?
22
Let x = 8 + -2. Suppose -2*p - 280 = -x*p. What is the highest common divisor of 28 and p?
14
Suppose 0 = 4*t - 6*t + 32. Let n(d) = -5*d - 3. Let q be n(8). Let j = 67 + q. Calculate the highest common divisor of t and j.
8
Let t = -62 - -297. What is the greatest common divisor of 94 and t?
47
Let j(s) = 42*s**2 + 2*s + 2. Let b be j(-1). Let q be 142/5 - (-6)/(-15). Calculate the highest common factor of b and q.
14
Let q = 1 + 2. What is the greatest common divisor of q and 15?
3
Suppose 3*q = -6 + 63. Suppose 478 = 5*k + 3*s, 4*s = 2*k - 0*s - 186. Calculate the highest common factor of q and k.
19
Suppose -5*b + 2*p = -109 + 42, 2*b - 38 = -2*p. Suppose -5*g + 24 = -g. Calculate the greatest common factor of g and b.
3
Let c be (-2)/(-5) - 8/(-5). Suppose -5*v + 350 = c*g, -3*v + 8 = -v. Suppose a + 11 - 26 = 0. Calculate the greatest common factor of g and a.
15
Let n = -3 + 6. Suppose n*u = -3*a, 0 = 4*u - a - 9 - 1. Suppose -3*t + 29 = -5*i, -u*t - t - 2*i + 1 = 0. Calculate the greatest common factor of 27 and t.
3
Let h(m) = 22*m - 11. Let r be h(1). What is the greatest common factor of r and 121?
11
Let q(n) = -256*n**3 - n. Let o be q(1). Let v = 428 + o. Suppose 0 = -2*c - 41 + v. What is the greatest common divisor of c and 13?
13
Let j(y) = 2*y**2 + 3*y - 1. Let l be j(2). What is the greatest common factor of l and 39?
13
Let c(y) = -y**2 + 2*y - 5. Let l(r) = -2*r**2 + 3*r - 11. Let d(m) = 5*c(m) - 3*l(m). Let o be d(-4). Calculate the highest common factor of o and 50.
10
Let v = -5 + 3. Let m be ((-20)/v)/(0 - -1). Calculate the highest common factor of 25 and m.
5
Suppose -2*z + 5 = -25. Let a = -5 + z. What is the greatest common factor of 2 and a?
2
Let k be (-355)/50*-2 + 1/(-5). What is the highest common factor of k and 42?
14
Let y be 2487/7 - 8/28. Let p = y + -168. What is the greatest common factor of 17 and p?
17
Suppose 162 = 4*y - 2*c, 4*y - 3*c = -0*y + 167. Calculate the greatest common divisor of 114 and y.
38
Let a = 2 + 5. Suppose -40 = -a*d + 2*d. Let j = -27 - -83. What is the greatest common divisor of d and j?
8
Suppose -405 + 487 = 2*t. What is the highest common divisor of t and 205?
41
Let u = 7 + 2. Suppose c + 0*c - u = 0. Let l be 54/(-3)*3/(-2). Calculate the greatest common factor of c and l.
9
Suppose k = -18 + 7. Let o = k - -15. Suppose 0 = -9*m + o*m + 175. Calculate the highest common divisor of m and 7.
7
Let z(n) = 3*n - 1. Let v(m) = 9*m - 3. Let y(a) = 3*v(a) - 8*z(a). Let l be (-1)/(((-2)/4)/1). Let q be y(l). What is the greatest common divisor of q and 35?
5
Suppose -c + 192 = 2*c. Let u = c - 14. Calculate the greatest common factor of u and 20.
10
Suppose f = d - 20, -12*d = -8*d - 3*f - 80. Calculate the highest common factor of d and 15.
5
Let k be 15*(3/(-9))/(-1). Let q = k + 0. Let t be 1/4*10*6. Calculate the highest common divisor of q and t.
5
Suppose o - 6 = -o, -w = 4*o - 20. What is the greatest common factor of w and 56?
8
Let o be (1 - (-20)/(-12))*-75. Calculate the greatest common divisor of o and 20.
10
Suppose 5*c = 3*z + 165, 110